+ 3*n - 14. Determine i(-5).
-4
Let k(x) = -12*x - 139. Determine k(-11).
-7
Let i(j) = j**3 + 12*j**2 + 12*j - 30. Give i(-10).
50
Let p(m) = -m**3 + 18*m**2 - 67*m + 29. What is p(13)?
3
Let f(j) = 2*j**3 - 2*j**2 - 15*j + 5. What is f(3)?
-4
Let x(s) = -s**2 - 8*s - 8. Give x(-6).
4
Let x(a) = 2*a**2 + 22*a + 39. Give x(-9).
3
Let r(o) = 4*o**3 - 11*o**2 + 2*o - 3. Determine r(3).
12
Let h(t) = t**3 - 5*t**2 + 5*t + 3. Give h(4).
7
Let c(x) = -x**3 - 7*x**2 - 5*x. Calculate c(-6).
-6
Let w(t) = -2*t - 21. What is w(-14)?
7
Let r(f) = f**3 + 11*f**2 + f - 6. What is r(-11)?
-17
Let v(r) = 34*r**3 - r**2 + 1. Determine v(-1).
-34
Let b(s) = 19*s - 379. Determine b(20).
1
Let y(s) = s**2 - 32*s - 46. Calculate y(33).
-13
Let n(h) = -h**2 - 2*h - 7. What is n(8)?
-87
Let x(t) = -t**3 - 2*t**2 + 3*t - 1. Calculate x(-4).
19
Let k(b) = b**3 + 9*b**2 + 38*b + 238. Determine k(-8).
-2
Let t(g) = 30*g + 1. Give t(-1).
-29
Let j(b) = b**2 - 3*b + 6. Give j(5).
16
Let s(x) = -x - 2. Give s(-6).
4
Let l(m) = -m**3 + 9*m**2 + 2*m - 3. Determine l(10).
-83
Let w(j) = -6*j + 4. Give w(3).
-14
Let i(z) = 2*z**3 + 49*z**2 - 28*z - 71. Give i(-25).
4
Let f(l) = -l**3 - 16*l**2 + 2*l - 21. What is f(-16)?
-53
Let j(g) = -54*g + 10. What is j(1)?
-44
Let g(s) = s**3 - 18*s**2 + 2*s - 45. Give g(18).
-9
Let m(j) = j + 10. What is m(8)?
18
Let b(y) = y**3 + 12*y**2 + 14*y + 15. Determine b(-11).
-18
Let d(o) = -o**3 - o**2 - 14*o - 2. Calculate d(0).
-2
Let q(l) = 2*l**2 - 42*l + 106. What is q(18)?
-2
Let g(p) = -8*p - 5. What is g(1)?
-13
Let z(o) = -o**3 + 13*o**2 + 34*o - 64. Determine z(15).
-4
Let o(a) = -2*a**2 - 3*a - 1. Determine o(-2).
-3
Let a(j) = j**3 - 12*j**2 + 11*j - 10. Determine a(11).
-10
Let v(y) = 11*y - 70. Calculate v(6).
-4
Let q(g) = -7*g - 4. What is q(3)?
-25
Let k(d) = -6*d + 36. Calculate k(7).
-6
Let u(r) = -2*r**3 - 5*r**2 + 5*r + 1. Determine u(2).
-25
Let z(u) = -2*u**2 + 10*u + 22. What is z(7)?
-6
Let j(i) = -32*i. Calculate j(1).
-32
Let l(s) = s - 10. What is l(14)?
4
Let h(y) = 7*y + 30. Calculate h(-2).
16
Let t(z) = z**3 - 10*z**2 + 13*z + 23. Give t(8).
-1
Let k(x) = -x**3 - 10*x**2 - 9*x - 11. Determine k(-9).
-11
Let j(b) = b - 2. Calculate j(14).
12
Let d(k) = -2*k**2 + 28*k + 158. What is d(18)?
14
Let s(g) = 3*g**2 - 19*g + 17. Determine s(5).
-3
Let v(w) = w**3 - 12*w**2 + 10*w - 52. Calculate v(12).
68
Let p(u) = 10*u**2 - 139*u - 21. What is p(14)?
-7
Let i(r) = -r**3 + 6*r**2 - 10. Determine i(5).
15
Let t(g) = 6*g + 12. Give t(-6).
-24
Let k(j) = -12*j**2 - 6*j - 6. Give k(-2).
-42
Let k(s) = s**2 - 4*s + 4. Calculate k(5).
9
Let l(s) = 4*s**2 + 73*s + 36. Determine l(-18).
18
Let q(u) = -u**2 - 9*u + 10. Determine q(-9).
10
Let g(b) = 6*b - 20. Give g(9).
34
Let o(p) = -p**2 - 5*p + 26. Give o(-12).
-58
Let l(f) = -f**3 - 27*f**2 + 25*f - 73. Calculate l(-28).
11
Let g(d) = -2*d**2 - 11*d + 7. What is g(-6)?
1
Let y(m) = 3*m**2 + 4*m + 7. Determine y(-3).
22
Let h(p) = -2*p. What is h(0)?
0
Let x(t) = -t**2 + 14*t + 29. What is x(16)?
-3
Let f(s) = s**3 + 11*s**2 - 3*s - 36. What is f(-11)?
-3
Let h(f) = -f - 10. Calculate h(-14).
4
Let k(z) = z**3 - 7*z**2 - 3*z - 6. Give k(8).
34
Let p(k) = 5*k**3 - k - 1. Determine p(-1).
-5
Let d(n) = -4*n + 2. Give d(1).
-2
Let t(c) = c + 6. Determine t(-2).
4
Let w(f) = f**3 + 10*f**2 + 10. Determine w(-10).
10
Let j(t) = 5*t**2 - 4*t - 4. Determine j(3).
29
Let y(x) = -4*x + 77. What is y(20)?
-3
Let a(c) = -6*c**2 + c - 4. Give a(-4).
-104
Let o(k) = -2*k**2 - 16*k - 36. Calculate o(-9).
-54
Let d(g) = -g**2 + 17*g - 15. Determine d(16).
1
Let n(b) = -b**2 + 9*b + 8. Give n(9).
8
Let u(w) = -w + 15. Give u(8).
7
Let p(g) = 2*g**3 + 59*g**2 - 31*g - 29. Give p(-30).
1
Let w(l) = -2*l + 3. Calculate w(-5).
13
Let r(u) = -u**3 + 9*u**2 + 2*u - 11. Calculate r(9).
7
Let o(v) = v**3 + 22*v**2 - 26*v - 45. What is o(-23)?
24
Let q(v) = 37*v - 476. What is q(13)?
5
Let d(z) = 15*z + 1044. Determine d(-70).
-6
Let g(u) = -2*u - 2. Calculate g(6).
-14
Let w(d) = -d**3 - 7*d**2 - 28. Give w(-7).
-28
Let b(l) = -l**3 - 5*l**2 + 12*l - 14. Give b(-7).
0
Let g(x) = -2*x - 1. Calculate g(-3).
5
Let b(a) = -a**2 + 7*a - 5. Give b(6).
1
Let t(m) = -8*m. Calculate t(4).
-32
Let l(m) = 3*m**2 + 13*m + 2. What is l(-3)?
-10
Let k(w) = -w**2 - 6*w - 32. Calculate k(-7).
-39
Let p(n) = -5*n**2 + 73*n + 34. Give p(15).
4
Let y(i) = 8*i**2 - 159*i - 26. What is y(20)?
-6
Let g(l) = 2*l + 21. Determine g(-8).
5
Let a(o) = -14*o**3 - o**2 + 1. Give a(1).
-14
Let p(u) = -2*u**2 - 19*u + 24. What is p(-11)?
-9
Let g(q) = q**3 - 2*q**2 + 5*q - 4. Determine g(3).
20
Let r(p) = -p**2 - 5*p - 2. What is r(-4)?
2
Let d(p) = -6*p - 21. What is d(-2)?
-9
Let z(j) = 4*j. What is z(2)?
8
Let q(b) = b**2 + 2*b + 3. Calculate q(5).
38
Let d(m) = -m**2 + 6*m + 35. Calculate d(9).
8
Let x(w) = -w**3 - 5*w**2 - 4*w - 1. What is x(-5)?
19
Let o(a) = -a - 19. Calculate o(-10).
-9
Let m(t) = 20*t + 21. Calculate m(-1).
1
Let w(c) = 3*c - 2. Give w(-7).
-23
Let o(u) = 2*u**2 - 42*u + 227. Give o(11).
7
Let l(w) = -w**3 + 10*w**2 - 16*w - 6. Determine l(8).
-6
Let i(u) = u**3 - 12*u**2 - 31*u - 16. Determine i(14).
-58
Let v(t) = 88*t - 362. Calculate v(4).
-10
Let m(z) = -z**2 - 9*z - 8. What is m(-9)?
-8
Let r(v) = -2*v**3 + 2*v**2 + 7*v + 6. Give r(-2).
16
Let u(z) = -z**2 - 7*z + 42. Give u(4).
-2
Let k(b) = b - 7. Determine k(-6).
-13
Let y(f) = -f**3 + 14*f**2 + 29*f + 41. Give y(16).
-7
Let u(x) = -x**2 + 14*x - 23. What is u(13)?
-10
Let b(d) = 8*d**3 + d**2 + 2*d + 1. Give b(-1).
-8
Let v(l) = l**3 + l + 142. Determine v(0).
142
Let q(n) = -n**3 - 9*n**2 - 2*n + 8. Determine q(-7).
-76
Let r(d) = d**3 - 38*d**2 + 68*d + 93. Determine r(36).
-51
Let o(j) = -3*j**3 - 54*j**2 - 3*j - 47. Calculate o(-18).
7
Let t(i) = -11*i + 112. Give t(8).
24
Let s(i) = -3*i**2 + 70. Determine s(0).
70
Let p(t) = t**3 - 6*t**2 - t + 7. Calculate p(5).
-23
Let z(h) = 47*h + 1. What is z(1)?
48
Let z(k) = k**3 + 26*k**2 + 50*k + 44. What is z(-24)?
-4
Let l(y) = y**3 - 9*y**2 + 6*y - 38. Give l(9).
16
Let k(f) = -f**2 + 11*f + 30. Determine k(13).
4
Let l(r) = -r**3 + r**2 + r - 4. What is l(3)?
-19
Let k(t) = -t**2 + 2*t + 3. Calculate k(-2).
-5
Let c(v) = 11*v - 25. What is c(2)?
-3
Let s(v) = -4*v**2 + v - 4. Give s(2).
-18
Let z(w) = -w**2 + 25*w + 97. Determine z(27).
43
Let s(b) = 3*b**2 - 10*b - 3. Give s(6).
45
Let n(o) = -o - 28. Determine n(-12).
-16
Let h(r) = -6*r + 68. What is h(10)?
8
Let f(j) = j**3 + 6*j**2 + 2*j + 6. What is f(-6)?
-6
Let k(r) = 2*r**2 - 14*r - 8. What is k(8)?
8
Let o(u) = u**2 + u + 4. Calculate o(-3).
10
Let b(m) = m**3 - 11*m**2 + 15*m + 20. Determine b(9).
-7
Let t(k) = 73*k + 430. Give t(-6).
-8
Let n(q) = 2*q**2 - 10*q + 12. Determine n(7).
40
Let z(x) = x. What is z(-1)?
-1
Let h(d) = -d**2 + 8*d + 13. Calculate h(10).
-7
Let p(h) = -7*h - 54. What is p(-8)?
2
Let q(s) = 22*s + 170. What is q(-8)?
-6
Let x(n) = n**3 - 14*n**2 + 12*n. Give x(13).
-13
Let k(d) = d**3 + 7*d**2 - 5*d - 3. Determine k(-7).
32
Let g(y) = -y + 1. What is g(0)?
1
Let n(l) = l**3 + 18*l**2 + 19*l. Calculate n(-17).
-34
Let p(a) = -a**3 + 7*a**2 - 2*a + 7. What is p(7)?
-7
Let j(c) = -5*c - 16. Give j(7).
-51
Let c(l) = 3*l - 28. Determine c(5).
-13
Let u(f) = -2*f**2 - 18*f - 72. Determine u(-7).
-44
Let h(n) = n**2 - 15*n + 44. What is h(10)?
-6
Let b(g) = -g**3 + 14*g**2 - 3. What is b(14)?
-3
Let r(z) = z**2 + 8*z + 3. What is r(-6)?
-9
Let v(n) = 5*n - 7. Give v(4).
13
Let s(v) = -17*v**3 - 2*v**2 - v + 6. Determine s(2).
-140
Let d(v) = v**3 - 7*v**2 + 8*v + 12. Determine d(5).
2
Let g(m) = -3*m + 2. Determine g(4).
-10
Let f(r) = -r**3 - 3*r**2 + 2*r - 3. Calculate f(-3).
-9
Let m(j) = j**2 + 15*j + 19. Calculate m(-14).
5
Let o(u) = 103*u + 1747. What is o(-17)?
-4
Let m(r) = 6*r**3 + 2*r**2 - r - 1. What is m(-2)?
-39
Let l(j) = -j**3 + 23*j**2 + 24*j + 2. Determine l(24).
2
Let s(q) = -5*q + 30. Determine s(8).
-10
Let i(b) = 3*b - 5. What is i(6)?
13
Let q(n) = n**2 + 8*n + 10. Determine q(-9).
19
Let y(w) = w**2 - 26*w + 78. Give y(23).
9
Let i(o) = -11*o**3 + o. Give i(1).
-10
Let w(x) = -x**3 - x**2 + 2*x. Determine w(-2).
0
Let z(k) = k**3 - 8*k**2 - 14*k + 7. Give z(10).
67
Let r(m) = m**3 